lse
Is 394673 composite?
False
Is 901 composite?
True
Is 1589 a composite number?
True
Is 11369 composite?
False
Is 242393 composite?
False
Is 5039 a composite number?
False
Is 72619 a composite number?
True
Is 5227 a prime number?
True
Is 377969 composite?
True
Is 774614 prime?
False
Is 138617 composite?
False
Is 51586 a prime number?
False
Is 14977 composite?
True
Is 19207 a prime number?
True
Is 69257 a composite number?
False
Is 11089 a prime number?
False
Is 2707 a prime number?
True
Is 1251713 composite?
False
Is 379133 a prime number?
True
Is 12251 a composite number?
False
Is 116117 a prime number?
False
Is 1662389 composite?
False
Is 222061 composite?
True
Is 50291 composite?
False
Is 145561 a composite number?
True
Is 13537 prime?
True
Is 165367 a prime number?
True
Is 137029 a prime number?
True
Is 16963 prime?
True
Is 609143 composite?
False
Is 11599 a composite number?
True
Is 4421 prime?
True
Is 1821 a composite number?
True
Is 792631 a composite number?
True
Is 4127 a prime number?
True
Is 1443431 a prime number?
False
Is 359287 a prime number?
False
Is 3545 a composite number?
True
Is 39143 a prime number?
False
Is 925823 a prime number?
True
Is 55787 prime?
True
Is 67937 a composite number?
True
Is 1121 composite?
True
Is 181411 composite?
True
Is 491681 composite?
True
Is 236999 a composite number?
True
Is 2571817 a composite number?
True
Is 1021621 a composite number?
False
Is 9181 a composite number?
False
Is 15149 composite?
False
Is 61781 a composite number?
False
Is 1109 a composite number?
False
Is 15359 composite?
False
Is 26759 prime?
True
Is 3659 a composite number?
False
Is 849 prime?
False
Is 596029 composite?
True
Is 617647 prime?
True
Is 12817 prime?
False
Is 504727 composite?
False
Is 68063 prime?
False
Is 1134955 a composite number?
True
Is 24646 a composite number?
True
Is 449 composite?
False
Is 656189 a prime number?
False
Is 21467 composite?
False
Is 11147297 a composite number?
True
Is 352459 a composite number?
False
Is 53477 a prime number?
False
Is 29983 prime?
True
Is 11777 a prime number?
True
Is 212627 a prime number?
True
Is 13051 a prime number?
False
Is 124447 prime?
True
Is 3793 a prime number?
True
Is 46297 a composite number?
True
Is 1841141 composite?
False
Is 7909 prime?
False
Is 42613 a prime number?
False
Is 13921 a composite number?
False
Is 10391 a composite number?
False
Is 113279 a prime number?
True
Is 1356929 a composite number?
True
Is 61133 prime?
False
Is 1171661 prime?
True
Is 325931 composite?
True
Is 23117 prime?
True
Is 62119 a composite number?
False
Is 68863 a prime number?
True
Is 1511 prime?
True
Is 163895 a prime number?
False
Is 104843 a composite number?
True
Is 781 composite?
True
Is 14533 prime?
True
Is 63997 composite?
False
Is 170537 composite?
False
Is 6805 a composite number?
True
Is 53849 a composite number?
False
Is 16333 prime?
True
Is 74411 composite?
False
Is 60859 a prime number?
True
Is 494129 a prime number?
True
Is 564161 composite?
True
Is 29846 prime?
False
Is 23531 composite?
False
Is 11029 prime?
False
Is 25301 a prime number?
True
Is 21839 a composite number?
False
Is 32647 composite?
False
Is 1160837 a prime number?
True
Is 2503 a composite number?
False
Is 184607 prime?
True
Is 6745501 a composite number?
True
Is 2053 a composite number?
False
Is 286813 a prime number?
True
Is 175777 a composite number?
True
Is 4800019 prime?
False
Is 63177 prime?
False
Is 479287 composite?
False
Is 33287 a prime number?
True
Is 745817 composite?
False
Is 1986053 prime?
True
Is 2411 composite?
False
Is 3273 a prime number?
False
Is 1717211 composite?
True
Is 848603 a prime number?
False
Is 192839 prime?
False
Is 5001679 a composite number?
False
Is 5939 a prime number?
True
Is 121795 a prime number?
False
Is 15493 prime?
True
Is 10533 a prime number?
False
Is 1035634 a composite number?
True
Is 39883 composite?
False
Is 71119 a prime number?
True
Is 2897 a composite number?
False
Is 4637 a prime number?
True
Is 1511 a prime number?
True
Is 53999 a prime number?
False
Is 21059 a prime number?
True
Is 30311 prime?
False
Is 141821 prime?
False
Is 6317 composite?
False
Is 15817 a composite number?
False
Is 51809 a composite number?
True
Is 17957 a prime number?
True
Is 20446 a prime number?
False
Is 1587701 composite?
False
Is 816511 prime?
False
Is 75203 composite?
True
Is 49103 a prime number?
True
Is 249007 a composite number?
True
Is 252067 composite?
True
Is 3487 a prime number?
False
Is 2942 prime?
False
Is 3603 prime?
False
Is 50821 prime?
True
Is 372871 composite?
False
Is 206273 composite?
False
Is 3647 composite?
True
Is 84731 a composite number?
False
Is 98081 composite?
False
Is 302 a prime number?
False
Is 300341 prime?
False
Is 5299 prime?
False
Is 421513 prime?
False
Is 32183 a composite number?
False
Is 21817 composite?
False
Is 31877 prime?
False
Is 43853 a prime number?
True
Is 276065 a composite number?
True
Is 699503 a composite number?
True
Is 198521 composite?
True
Is 267373 prime?
True
Is 18159 a prime number?
False
Is 121029 composite?
True
Is 4391 composite?
False
Is 498149 a prime number?
False
Is 21377 prime?
True
Is 838 a composite number?
True
Is 3569 a composite number?
True
Is 603943 a prime number?
False
Is 3899 prime?
False
Is 123179 composite?
True
Is 2333 a prime number?
True
Is 834761 prime?
True
Is 609847 prime?
False
Is 45863 prime?
True
Is 6029 prime?
True
Is 221621 prime?
True
Is 5509 prime?
False
Is 8059 prime?
True
Is 3989 a prime number?
True
Is 167521 composite?
False
Is 517993 a composite number?
True
Is 767203 composite?
False
Is 25291 a composite number?
True
Is 372469 prime?
False
Is 326 a prime number?
False
Is 2533 a composite number?
True
Is 125747 a composite number?
True
Is 15261 composite?
True
Is 2609 a composite number?
False
Is 6143 a composite number?
False
Is 9619 a composite number?
False
Is 10565 a composite number?
True
Is 4553 prime?
False
Is 1809209 a prime number?
True
Is 16273 prime?
True
Is 240943 prime?
True
Is 135686 a prime number?
False
Is 54447 composite?
True
Is 18353 prime?
True
Is 511151 composite?
False
Is 606223 prime?
True
Is 335089 prime?
True
Is 1868533 a composite number?
False
Is 2183 composite?
True
Is 290243 a prime number?
True
Is 4741 composite?
True
Is 79423 prime?
True
Is 6122 a prime number?
False
Is 33895 a prime number?
False
Is 7919 a prime number?
True
Is 10601 a prime number?
True
Is 244109 a prime number?
True
Is 1821 a composite number?
True
Is 238991 a prime number?
True
Is 1717687 a prime number?
True
Is 340633 composite?
False
Is 28349 a composite number?
False
Is 93923 a composite number?
False
Is 19487 a composite number?
True
Is 953 a prime number?
True
Is 1153891 a prime number?
True
Is 396413 prime?
True
Is 856723 composite?
True
Is 529571 composite?
True
Is 29231 composite?
False
Is 105457 a prime number?
False
Is 1996643 a prime number?
False
Is 20021 a prime number?
True
Is 22171 prime?
True
Is 45703 composite?
True
Is 520649 a prime number?
True
Is 969637 a composite number?
False
Is 1068233 prime?
True
Is 16663 composite?
True
Is 9005 composite?
True
Is 273929 composite?
False
Is 58309 a composite number?
False
Is 122443 composite?
False
Is 1539695 a prime number?
False
Is 3694 prime?
False
Is 46679 a prime number?
True
Is 1042 composite?
True
Is 486407 a prime number?
True
Is 928223 a prime number?
True
Is 41651 a prime number?
True
Is 11581 prime?
False
Is 8387 prime?
True
Is 7121 a prime number?
True
Is 27431 a prime number?
True
Is 765535 composite?
True
Is 33869 composite?
True
Is 1823 a composite number?
False
Is 10841 composite?
True
Is 32881 prime?
False
Is 33931 a composite number?
False
Is 19907 a prime number?
False
Is 32921 a composite number?
True
Is 36541 prime?
True
Is 26027 prime?
False
Is 13621 prime?
False
Is 72337 prime?
True
Is 87603 a composite number?
True
Is 1087 a prime number?
True
Is 178781 a composite number?
False
Is 9263 prime?
False
Is 7039 composite?
False
Is 262165 composite?
True
Is 822287 prime?
False
Is 13423 prime?
False
Is 1007414 a composite number?
True
Is 5155 prime?
False
Is 61043 prime?
True
Is 6029 a composite number?
False
Is 19001 a prime number?
True
Is 308621 a prime number?
True
Is 6389 a prime number?
True
Is 